{"id":413,"date":"2021-08-16T16:57:25","date_gmt":"2021-08-16T13:57:25","guid":{"rendered":"https:\/\/www.magicpigeons.com\/?page_id=413"},"modified":"2023-01-30T13:45:03","modified_gmt":"2023-01-30T10:45:03","slug":"video","status":"publish","type":"page","link":"https:\/\/www.magicpigeons.com\/?page_id=413","title":{"rendered":"Parteneri"},"content":{"rendered":"\t\t<div data-elementor-type=\"wp-page\" data-elementor-id=\"413\" class=\"elementor elementor-413\">\n\t\t\t\t\t\t\t\t\t<section class=\"elementor-section elementor-top-section elementor-element elementor-element-c47dfb4 elementor-section-boxed elementor-section-height-default elementor-section-height-default\" data-id=\"c47dfb4\" data-element_type=\"section\">\n\t\t\t\t\t\t<div class=\"elementor-container elementor-column-gap-default\">\n\t\t\t\t\t<div class=\"elementor-column elementor-col-50 elementor-top-column elementor-element elementor-element-b50e97d\" data-id=\"b50e97d\" data-element_type=\"column\">\n\t\t\t<div class=\"elementor-widget-wrap elementor-element-populated\">\n\t\t\t\t\t\t\t\t<div class=\"elementor-element elementor-element-73fb7dd animated-slow elementor-aspect-ratio-169 elementor-invisible elementor-widget elementor-widget-video\" data-id=\"73fb7dd\" data-element_type=\"widget\" data-settings=\"{&quot;youtube_url&quot;:&quot;https:\\\/\\\/www.youtube.com\\\/watch?v=d5DuFcIUKbM&quot;,&quot;_animation&quot;:&quot;fadeInLeft&quot;,&quot;video_type&quot;:&quot;youtube&quot;,&quot;controls&quot;:&quot;yes&quot;,&quot;aspect_ratio&quot;:&quot;169&quot;}\" data-widget_type=\"video.default\">\n\t\t\t\t<div class=\"elementor-widget-container\">\n\t\t\t<style>\/*! elementor - v3.7.6 - 15-09-2022 *\/\n.elementor-widget-video .elementor-widget-container{overflow:hidden;-webkit-transform:translateZ(0);transform:translateZ(0)}.elementor-widget-video .elementor-open-inline .elementor-custom-embed-image-overlay{position:absolute;top:0;left:0;width:100%;height:100%;background-size:cover;background-position:50%}.elementor-widget-video .elementor-custom-embed-image-overlay{cursor:pointer;text-align:center}.elementor-widget-video .elementor-custom-embed-image-overlay:hover .elementor-custom-embed-play i{opacity:1}.elementor-widget-video .elementor-custom-embed-image-overlay img{display:block;width:100%}.elementor-widget-video .e-hosted-video .elementor-video{-o-object-fit:cover;object-fit:cover}.e-container>.elementor-widget-video{width:var(--container-widget-width,100%)}<\/style>\t\t<div class=\"elementor-wrapper elementor-fit-aspect-ratio elementor-open-inline\">\n\t\t\t<div class=\"elementor-video\"><\/div>\t\t<\/div>\n\t\t\t\t<\/div>\n\t\t\t\t<\/div>\n\t\t\t\t\t<\/div>\n\t\t<\/div>\n\t\t\t\t<div class=\"elementor-column elementor-col-50 elementor-top-column elementor-element elementor-element-dc5ec8a\" data-id=\"dc5ec8a\" data-element_type=\"column\">\n\t\t\t<div class=\"elementor-widget-wrap elementor-element-populated\">\n\t\t\t\t\t\t\t\t<div class=\"elementor-element elementor-element-1fa0c97 animated-slow elementor-aspect-ratio-169 elementor-invisible elementor-widget elementor-widget-video\" data-id=\"1fa0c97\" data-element_type=\"widget\" data-settings=\"{&quot;youtube_url&quot;:&quot;https:\\\/\\\/www.youtube.com\\\/watch?v=syE_Mb8HcE0&amp;t=1023s&quot;,&quot;_animation&quot;:&quot;fadeInRight&quot;,&quot;video_type&quot;:&quot;youtube&quot;,&quot;controls&quot;:&quot;yes&quot;,&quot;aspect_ratio&quot;:&quot;169&quot;}\" data-widget_type=\"video.default\">\n\t\t\t\t<div class=\"elementor-widget-container\">\n\t\t\t\t\t<div class=\"elementor-wrapper elementor-fit-aspect-ratio elementor-open-inline\">\n\t\t\t<div class=\"elementor-video\"><\/div>\t\t<\/div>\n\t\t\t\t<\/div>\n\t\t\t\t<\/div>\n\t\t\t\t\t<\/div>\n\t\t<\/div>\n\t\t\t\t\t\t\t<\/div>\n\t\t<\/section>\n\t\t\t\t<section class=\"elementor-section elementor-top-section elementor-element elementor-element-f98df83 elementor-section-boxed elementor-section-height-default elementor-section-height-default\" data-id=\"f98df83\" data-element_type=\"section\">\n\t\t\t\t\t\t<div class=\"elementor-container elementor-column-gap-default\">\n\t\t\t\t\t<div class=\"elementor-column elementor-col-100 elementor-top-column elementor-element elementor-element-7cea180\" data-id=\"7cea180\" data-element_type=\"column\">\n\t\t\t<div class=\"elementor-widget-wrap elementor-element-populated\">\n\t\t\t\t\t\t\t\t<div class=\"elementor-element elementor-element-a6a86b2 elementor-widget elementor-widget-text-editor\" data-id=\"a6a86b2\" data-element_type=\"widget\" data-widget_type=\"text-editor.default\">\n\t\t\t\t<div class=\"elementor-widget-container\">\n\t\t\t<style>\/*! elementor - v3.7.6 - 15-09-2022 *\/\n.elementor-widget-text-editor.elementor-drop-cap-view-stacked .elementor-drop-cap{background-color:#818a91;color:#fff}.elementor-widget-text-editor.elementor-drop-cap-view-framed .elementor-drop-cap{color:#818a91;border:3px solid;background-color:transparent}.elementor-widget-text-editor:not(.elementor-drop-cap-view-default) .elementor-drop-cap{margin-top:8px}.elementor-widget-text-editor:not(.elementor-drop-cap-view-default) .elementor-drop-cap-letter{width:1em;height:1em}.elementor-widget-text-editor .elementor-drop-cap{float:left;text-align:center;line-height:1;font-size:50px}.elementor-widget-text-editor .elementor-drop-cap-letter{display:inline-block}<\/style>\t\t\t\t<div class=\"x11i5rnm xat24cr x1mh8g0r x1vvkbs xdj266r x126k92a\"><div dir=\"auto\">\ud835\udc02\ud835\udc28\ud835\udc27\ud835\udc2c\ud835\udc2e\ud835\udc25\ud835\udc2d\ud835\udc1a\ud835\udc27\ud835\udc2d\ud835\udc1a\u0306 \ud835\udc02\ud835\udc28\ud835\udc26\ud835\udc29\ud835\udc25\ud835\udc1e\ud835\udc2d\ud835\udc1a\u0306 \ud835\uddf0\ud835\ude02 \ud835\udddd\ud835\uddf2\ud835\uddee\ud835\uddfb \ud835\uddd9\ud835\uddff\ud835\uddee\ud835\uddfb\ud835\uddf0\ud835\uddfc\ud835\uddf6\ud835\ude00 \ud835\uddd6\ud835\ude02\ud835\uddff\ud835\uddf2<span class=\"x3nfvp2 x1j61x8r x1fcty0u xdj266r xhhsvwb xat24cr xgzva0m xxymvpz xlup9mm x1kky2od\"><img loading=\"lazy\" src=\"https:\/\/static.xx.fbcdn.net\/images\/emoji.php\/v9\/tbe\/1\/16\/1f3c6.png\" alt=\"\ud83c\udfc6\" width=\"16\" height=\"16\" \/><\/span><\/div><div dir=\"auto\"><span class=\"x3nfvp2 x1j61x8r x1fcty0u xdj266r xhhsvwb xat24cr xgzva0m xxymvpz xlup9mm x1kky2od\"><img loading=\"lazy\" src=\"https:\/\/static.xx.fbcdn.net\/images\/emoji.php\/v9\/t51\/1\/16\/1f449.png\" alt=\"\ud83d\udc49\" width=\"16\" height=\"16\" \/><\/span>\ud835\udc68\ud835\udc91\ud835\udc86\ud835\udc8d\ud835\udc86\ud835\udc82\ud835\udc9b\ud835\udc82 \ud835\udc8d\ud835\udc82 \ud835\udc71\ud835\udc86\ud835\udc82\ud835\udc8f \ud835\udc6d\ud835\udc93\ud835\udc82\ud835\udc8f\ud835\udc84\ud835\udc90\ud835\udc8a\ud835\udc94 \ud835\udc6a\ud835\udc96\ud835\udc93\ud835\udc86, \ud835\udc74\ud835\udc82\ud835\udc86\ud835\udc94\ud835\udc95\ud835\udc93\ud835\udc96 \ud835\udc6a\ud835\udc90\ud835\udc8d\ud835\udc96\ud835\udc8e\ud835\udc83\ud835\udc90\ud835\udc87\ud835\udc8a\ud835\udc8d, \ud835\udc6a\ud835\udc82\ud835\udc8e\ud835\udc91\ud835\udc8a\ud835\udc90\ud835\udc8f \ud835\udc76\ud835\udc8d\ud835\udc8a\ud835\udc8e\ud835\udc91\ud835\udc8a\ud835\udc84 2017 \ud835\udc69\ud835\udc86\ud835\udc8d\ud835\udc88\ud835\udc8a\ud835\udc82, \ud835\udc77\ud835\udc90\ud835\udc85\ud835\udc8a\ud835\udc96\ud835\udc8e \ud835\udc6c\ud835\udc96\ud835\udc93\ud835\udc90\ud835\udc91\ud835\udc86\ud835\udc82\ud835\udc8f 2008 \ud835\udc75\ud835\udc8a\ud835\udc95\ud835\udc93\ud835\udc82, \ud835\udc91\ud835\udc93\ud835\udc86\ud835\udc9b\ud835\udc86\ud835\udc8f\ud835\udc95 \ud835\udc85\ud835\udc86 20 \ud835\udc85\ud835\udc86 \ud835\udc82\ud835\udc8f\ud835\udc8a \ud835\udc91\ud835\udc86 \ud835\udc91\ud835\udc90\ud835\udc85\ud835\udc8a\ud835\udc96\ud835\udc8e\ud835\udc96\ud835\udc8d \ud835\udc75\ud835\udc82\ud835\udc95\ud835\udc8a\ud835\udc90\ud835\udc8f\ud835\udc82\ud835\udc8d \ud835\udc94\ud835\udc8a \ud835\udc70\ud835\udc8f\ud835\udc95\ud835\udc86\ud835\udc93\ud835\udc8f\ud835\udc82\ud835\udc95\ud835\udc8a\ud835\udc90\ud835\udc8f\ud835\udc82\ud835\udc8d \ud835\udc85\ud835\udc86 \ud835\udc8d\ud835\udc82 \ud835\udc97\ud835\udc8a\ud835\udc95\ud835\udc86\ud835\udc9b\ud835\udc82 \ud835\udc91\ud835\udc82\ud835\udc8f\ud835\udc82 \ud835\udc8d\ud835\udc82 \ud835\udc8e\ud835\udc82\ud835\udc93\ud835\udc82\ud835\udc95\ud835\udc90\ud835\udc8f, \ud835\udc91\ud835\udc86\ud835\udc8f\ud835\udc95\ud835\udc93\ud835\udc96 \ud835\udc94\ud835\udc86\ud835\udc93\ud835\udc97\ud835\udc8a\ud835\udc84\ud835\udc8a\ud835\udc8a \ud835\udc85\ud835\udc86 \ud835\udc84\ud835\udc90\ud835\udc8f\ud835\udc94\ud835\udc96\ud835\udc8d\ud835\udc95\ud835\udc82\ud835\udc8f\ud835\udc95\ud835\udc82 \ud835\udc84\ud835\udc90\ud835\udc8d\ud835\udc96\ud835\udc8e\ud835\udc83\ud835\udc90\ud835\udc87\ud835\udc8a\ud835\udc8d\ud835\udc82. <span class=\"x3nfvp2 x1j61x8r x1fcty0u xdj266r xhhsvwb xat24cr xgzva0m xxymvpz xlup9mm x1kky2od\"><img loading=\"lazy\" src=\"https:\/\/static.xx.fbcdn.net\/images\/emoji.php\/v9\/tba\/1\/16\/1f54a.png\" alt=\"\ud83d\udd4a\" width=\"16\" height=\"16\" \/><\/span><\/div><\/div><div class=\"x11i5rnm xat24cr x1mh8g0r x1vvkbs xtlvy1s x126k92a\"><div dir=\"auto\"><div class=\"x11i5rnm xat24cr x1mh8g0r x1vvkbs xtlvy1s x126k92a\"><div dir=\"auto\">\ud835\udc94\ud835\udc86\ud835\udc93\ud835\udc97\ud835\udc8a\ud835\udc84\ud835\udc8a\ud835\udc8a \ud835\udc85\ud835\udc86 \ud835\udc84\ud835\udc90\ud835\udc8f\ud835\udc94\ud835\udc96\ud835\udc8d\ud835\udc95\ud835\udc82\ud835\udc8f\ud835\udc95\ud835\udc82 \ud835\udc84\ud835\udc90\ud835\udc8d\ud835\udc96\ud835\udc8e\ud835\udc83\ud835\udc90\ud835\udc87\ud835\udc8a\ud835\udc8d\ud835\udc82. <span class=\"x3nfvp2 x1j61x8r x1fcty0u xdj266r xhhsvwb xat24cr xgzva0m xxymvpz xlup9mm x1kky2od\"><img loading=\"lazy\" src=\"https:\/\/static.xx.fbcdn.net\/images\/emoji.php\/v9\/tba\/1\/16\/1f54a.png\" alt=\"\ud83d\udd4a\" width=\"16\" height=\"16\" \/><\/span><\/div><div dir=\"auto\">\u00a0<\/div><\/div><div class=\"x11i5rnm xat24cr x1mh8g0r x1vvkbs xtlvy1s x126k92a\"><div dir=\"auto\"><span class=\"x3nfvp2 x1j61x8r x1fcty0u xdj266r xhhsvwb xat24cr xgzva0m xxymvpz xlup9mm x1kky2od\"><img loading=\"lazy\" src=\"https:\/\/static.xx.fbcdn.net\/images\/emoji.php\/v9\/t7a\/1\/16\/31_20e3.png\" alt=\"1\ufe0f\u20e3\" width=\"16\" height=\"16\" \/><\/span> <strong>\ud835\udc6a\ud835\udc90\ud835\udc8f\ud835\udc94\ud835\udc96\ud835\udc8d\ud835\udc82\ud835\udc8f\ud835\udc95\ud835\udc82\u0306 \ud835\udc69\ud835\udc82\ud835\udc9b\ud835\udc82\u0306<\/strong><\/div><div dir=\"auto\">Evaluarea Cresc\u0103toriei, a Porumbeilor, Sfaturi<\/div><div dir=\"auto\">Include<\/div><div dir=\"auto\">\u2022Un num\u0103r de maxim 4 ore consultan\u021b\u0103 columbofil\u0103 (deplasare cu ma\u0219ina inclus\u0103, \u00een limita a 120 km distan\u021b\u0103 pe sens de mers)<\/div><div dir=\"auto\">\u2022Dac\u0103 distan\u021ba c\u0103tre destina\u021bia clientului dep\u0103\u0219e\u0219te 120 km\/sens, se vor calcula costuri adi\u021bionale de deplasare, la pre\u021bul de 37 euro\/or\u0103 pe un singur sens<\/div><div dir=\"auto\">\u2022Nu se taxeaz\u0103 deplasarea de \u00eentoarcere<\/div><div dir=\"auto\">\u2022Dac\u0103 distan\u021ba c\u0103tre destina\u021bia clientului dep\u0103\u0219e\u0219te 300 km\/sens, trebuie asigurate servicii de cazare \u0219i mas\u0103, de c\u0103tre client.<\/div><div dir=\"auto\">\u00a0<\/div><\/div><div class=\"x11i5rnm xat24cr x1mh8g0r x1vvkbs xtlvy1s x126k92a\"><div dir=\"auto\"><span class=\"x3nfvp2 x1j61x8r x1fcty0u xdj266r xhhsvwb xat24cr xgzva0m xxymvpz xlup9mm x1kky2od\"><img loading=\"lazy\" src=\"https:\/\/static.xx.fbcdn.net\/images\/emoji.php\/v9\/t99\/1\/16\/32_20e3.png\" alt=\"2\ufe0f\u20e3\" width=\"16\" height=\"16\" \/><\/span> <strong>\ud835\udc6a\ud835\udc90\ud835\udc8f\ud835\udc94\ud835\udc96\ud835\udc8d\ud835\udc95\ud835\udc82\ud835\udc8f\ud835\udc95\ud835\udc82\u0306 \ud835\udc7a\ud835\udc91\ud835\udc90\ud835\udc93\ud835\udc95<\/strong><\/div><div dir=\"auto\">Include<\/div><div dir=\"auto\">\u2022Consulan\u021ba de baz\u0103, la care se adaug\u0103:<\/div><div dir=\"auto\">\u2022Se efectueaz\u0103 \u00eenc\u0103 o vizit\u0103 la cresc\u0103toria clientului, \u00een vederea evalu\u0103rii situa\u021biei la acel moment, \u00een func\u021bie de nevoile clientului, dup\u0103 un trimestru de la prima vizit\u0103<\/div><div dir=\"auto\">\u2022\u00centre vizitele la cresc\u0103torie, se efectuez\u0103 o discu\u021bie s\u0103pt\u0103m\u00e2nal\u0103 (o singur\u0103 dat\u0103, \u00een limita a maxim o or\u0103, s\u0103pt\u0103m\u00e2nal) telefonic sau WhatsApp (la alegerea clientului)<\/div><div dir=\"auto\">\u2022Metod\u0103 de zbor pentru maturi sau tineret (pui), detaliere, \u00een\u021belegere, posibilit\u0103\u021bi de aplicare.<\/div><div dir=\"auto\">\u00a0<\/div><\/div><div class=\"x11i5rnm xat24cr x1mh8g0r x1vvkbs xtlvy1s x126k92a\"><div dir=\"auto\"><span class=\"x3nfvp2 x1j61x8r x1fcty0u xdj266r xhhsvwb xat24cr xgzva0m xxymvpz xlup9mm x1kky2od\"><img loading=\"lazy\" src=\"https:\/\/static.xx.fbcdn.net\/images\/emoji.php\/v9\/tb8\/1\/16\/33_20e3.png\" alt=\"3\ufe0f\u20e3\" width=\"16\" height=\"16\" \/><\/span> <strong>\ud835\udc02\ud835\udc28\ud835\udc27\ud835\udc2c\ud835\udc2e\ud835\udc25\ud835\udc2d\ud835\udc1a\ud835\udc27\ud835\udc2d\ud835\udc1a\u0306 \ud835\udc02\ud835\udc28\ud835\udc26\ud835\udc29\ud835\udc25\ud835\udc1e\ud835\udc2d\ud835\udc1a\u0306<\/strong><\/div><div dir=\"auto\">Include<\/div><div dir=\"auto\">\u2022Consulan\u021ba de baz\u0103, la care se adaug\u0103:<\/div><div dir=\"auto\">\u2022O discu\u021bie s\u0103pt\u0103m\u00e2nal\u0103 (o singur\u0103 dat\u0103, \u00een limita a maxim o or\u0103, s\u0103pt\u0103m\u00e2nal) telefonic sau WhatsApp (la alegerea clientului)<\/div><div dir=\"auto\">\u2022Vizit\u0103 la cresc\u0103toria clientului, \u00een fiecare trimestru, pe parcursul unui an calendaristic, \u00een vederea evalu\u0103rii situa\u021biei la acel moment<\/div><div dir=\"auto\">\u2022Selectarea porumbeilor la m\u00e2n\u0103 (conform principiilor stabilite \u00eempreun\u0103 cu clientul) \u00een limita a 100 porumbei<\/div><div dir=\"auto\">\u2022Stabilire, detaliere \u0219i implementare a celei mai potrivite metode de zbor (stabilit\u0103 \u00eempreun\u0103 cu clientul).<\/div><div dir=\"auto\">\u00a0<\/div><\/div><div class=\"x11i5rnm xat24cr x1mh8g0r x1vvkbs xtlvy1s x126k92a\"><div dir=\"auto\"><span class=\"x3nfvp2 x1j61x8r x1fcty0u xdj266r xhhsvwb xat24cr xgzva0m xxymvpz xlup9mm x1kky2od\"><img loading=\"lazy\" src=\"https:\/\/static.xx.fbcdn.net\/images\/emoji.php\/v9\/td7\/1\/16\/34_20e3.png\" alt=\"4\ufe0f\u20e3\" width=\"16\" height=\"16\" \/><\/span> <strong>\ud835\udc6a\ud835\udc90\ud835\udc8f\ud835\udc94\ud835\udc96\ud835\udc8d\ud835\udc82\ud835\udc8f\ud835\udc95\ud835\udc82\u0306 \ud835\udc76\ud835\udc8f\ud835\udc8d\ud835\udc8a\ud835\udc8f\ud835\udc86<\/strong><\/div><div dir=\"auto\">Include<\/div><div dir=\"auto\">\u2022Metod\u0103 de zbor cu porumbei maturi sau pui, f\u0103r\u0103 deplasare la fa\u021ba locului (efectuat\u0103 doar \u00een scris, prin email sau WhatsApp)<\/div><div dir=\"auto\">\u2022O convorbire\/s\u0103pt\u0103m\u00e2n\u0103 despre acea metod\u0103 de zbor cu porumbei maturi sau pui, telefonic\u0103 sau WhatsApp, \u00een limita maxim\u0103 de o or\u0103, pentru un trimestru.<\/div><div dir=\"auto\">\u00a0<\/div><\/div><div class=\"x11i5rnm xat24cr x1mh8g0r x1vvkbs xtlvy1s x126k92a\"><div dir=\"auto\"><span class=\"x3nfvp2 x1j61x8r x1fcty0u xdj266r xhhsvwb xat24cr xgzva0m xxymvpz xlup9mm x1kky2od\"><img loading=\"lazy\" src=\"https:\/\/static.xx.fbcdn.net\/images\/emoji.php\/v9\/tf6\/1\/16\/35_20e3.png\" alt=\"5\ufe0f\u20e3\" width=\"16\" height=\"16\" \/><\/span><strong> \ud835\udc77\ud835\udc93\ud835\udc90\ud835\udc8a\ud835\udc86\ud835\udc84\ud835\udc95 \ud835\udc6a\ud835\udc93\ud835\udc86\ud835\udc94\ud835\udc84\ud835\udc82\u0306\ud835\udc95\ud835\udc90\ud835\udc93\ud835\udc8a\ud835\udc86<\/strong><\/div><div dir=\"auto\">Include<\/div><div dir=\"auto\">\u2022Proiect de cresc\u0103torie sau transformare \u00een func\u021bie de categorie \u0219i de rezultatele vizate \u00een competi\u021bie<\/div><div dir=\"auto\">\u2022Se vor stabili \u00eempreun\u0103 cu beneficiarul aceste detalii, bazate pe nevoile lui specifice<\/div><div dir=\"auto\">\u00a0<\/div><\/div><div class=\"x11i5rnm xat24cr x1mh8g0r x1vvkbs xtlvy1s x126k92a\"><div dir=\"auto\"><span class=\"x3nfvp2 x1j61x8r x1fcty0u xdj266r xhhsvwb xat24cr xgzva0m xxymvpz xlup9mm x1kky2od\"><img loading=\"lazy\" src=\"https:\/\/static.xx.fbcdn.net\/images\/emoji.php\/v9\/t51\/1\/16\/2714.png\" alt=\"\u2714\ufe0f\" width=\"16\" height=\"16\" \/><\/span>Dac\u0103 e\u0219ti interesat de consultan\u021b\u0103 columbofil\u0103 pentru profesioni\u0219ti, scrie un mesaj la num\u0103rul <strong>0752 991 133<\/strong> sau un email pe adresa <strong>consultantacolumbofila@gmail.com<\/strong><\/div><div dir=\"auto\"><em><strong>\ud835\udd41\ud835\udd56\ud835\udd52\ud835\udd5f \ud835\udd3d\ud835\udd63\ud835\udd52\ud835\udd5f\ud835\udd54\ud835\udd60\ud835\udd5a\ud835\udd64 \u2102\ud835\udd66\ud835\udd63\ud835\udd56<\/strong><\/em><\/div><\/div><\/div><\/div>\t\t\t\t\t\t<\/div>\n\t\t\t\t<\/div>\n\t\t\t\t\t<\/div>\n\t\t<\/div>\n\t\t\t\t\t\t\t<\/div>\n\t\t<\/section>\n\t\t\t\t\t\t\t<\/div>\n\t\t","protected":false},"excerpt":{"rendered":"<p>https:\/\/www.youtube.com\/watch?v=d5DuFcIUKbMhttps:\/\/www.youtube.com\/watch?v=syE_Mb8HcE0&#038;t=1023s\ud835\udc02\ud835\udc28\ud835\udc27\ud835\udc2c\ud835\udc2e\ud835\udc25\ud835\udc2d\ud835\udc1a\ud835\udc27\ud835\udc2d\ud835\udc1a\u0306 \ud835\udc02\ud835\udc28\ud835\udc26\ud835\udc29\ud835\udc25\ud835\udc1e\ud835\udc2d\ud835\udc1a\u0306 \ud835\uddf0\ud835\ude02 \ud835\udddd\ud835\uddf2\ud835\uddee\ud835\uddfb \ud835\uddd9\ud835\uddff\ud835\uddee\ud835\uddfb\ud835\uddf0\ud835\uddfc\ud835\uddf6\ud835\ude00 \ud835\uddd6\ud835\ude02\ud835\uddff\ud835\uddf2\ud835\udc68\ud835\udc91\ud835\udc86\ud835\udc8d\ud835\udc86\ud835\udc82\ud835\udc9b\ud835\udc82 \ud835\udc8d\ud835\udc82 \ud835\udc71\ud835\udc86\ud835\udc82\ud835\udc8f \ud835\udc6d\ud835\udc93\ud835\udc82\ud835\udc8f\ud835\udc84\ud835\udc90\ud835\udc8a\ud835\udc94 \ud835\udc6a\ud835\udc96\ud835\udc93\ud835\udc86, \ud835\udc74\ud835\udc82\ud835\udc86\ud835\udc94\ud835\udc95\ud835\udc93\ud835\udc96 \ud835\udc6a\ud835\udc90\ud835\udc8d\ud835\udc96\ud835\udc8e\ud835\udc83\ud835\udc90\ud835\udc87\ud835\udc8a\ud835\udc8d, \ud835\udc6a\ud835\udc82\ud835\udc8e\ud835\udc91\ud835\udc8a\ud835\udc90\ud835\udc8f \ud835\udc76\ud835\udc8d\ud835\udc8a\ud835\udc8e\ud835\udc91\ud835\udc8a\ud835\udc84 2017 \ud835\udc69\ud835\udc86\ud835\udc8d\ud835\udc88\ud835\udc8a\ud835\udc82, \ud835\udc77\ud835\udc90\ud835\udc85\ud835\udc8a\ud835\udc96\ud835\udc8e \ud835\udc6c\ud835\udc96\ud835\udc93\ud835\udc90\ud835\udc91\ud835\udc86\ud835\udc82\ud835\udc8f 2008 \ud835\udc75\ud835\udc8a\ud835\udc95\ud835\udc93\ud835\udc82, \ud835\udc91\ud835\udc93\ud835\udc86\ud835\udc9b\ud835\udc86\ud835\udc8f\ud835\udc95 \ud835\udc85\ud835\udc86 20 \ud835\udc85\ud835\udc86 \ud835\udc82\ud835\udc8f\ud835\udc8a \ud835\udc91\ud835\udc86 \ud835\udc91\ud835\udc90\ud835\udc85\ud835\udc8a\ud835\udc96\ud835\udc8e\ud835\udc96\ud835\udc8d \ud835\udc75\ud835\udc82\ud835\udc95\ud835\udc8a\ud835\udc90\ud835\udc8f\ud835\udc82\ud835\udc8d \ud835\udc94\ud835\udc8a \ud835\udc70\ud835\udc8f\ud835\udc95\ud835\udc86\ud835\udc93\ud835\udc8f\ud835\udc82\ud835\udc95\ud835\udc8a\ud835\udc90\ud835\udc8f\ud835\udc82\ud835\udc8d \ud835\udc85\ud835\udc86 \ud835\udc8d\ud835\udc82 \ud835\udc97\ud835\udc8a\ud835\udc95\ud835\udc86\ud835\udc9b\ud835\udc82 \ud835\udc91\ud835\udc82\ud835\udc8f\ud835\udc82 \ud835\udc8d\ud835\udc82 \ud835\udc8e\ud835\udc82\ud835\udc93\ud835\udc82\ud835\udc95\ud835\udc90\ud835\udc8f, \ud835\udc91\ud835\udc86\ud835\udc8f\ud835\udc95\ud835\udc93\ud835\udc96 \ud835\udc94\ud835\udc86\ud835\udc93\ud835\udc97\ud835\udc8a\ud835\udc84\ud835\udc8a\ud835\udc8a \ud835\udc85\ud835\udc86 \ud835\udc84\ud835\udc90\ud835\udc8f\ud835\udc94\ud835\udc96\ud835\udc8d\ud835\udc95\ud835\udc82\ud835\udc8f\ud835\udc95\ud835\udc82 \ud835\udc84\ud835\udc90\ud835\udc8d\ud835\udc96\ud835\udc8e\ud835\udc83\ud835\udc90\ud835\udc87\ud835\udc8a\ud835\udc8d\ud835\udc82. \ud835\udc94\ud835\udc86\ud835\udc93\ud835\udc97\ud835\udc8a\ud835\udc84\ud835\udc8a\ud835\udc8a \ud835\udc85\ud835\udc86 \ud835\udc84\ud835\udc90\ud835\udc8f\ud835\udc94\ud835\udc96\ud835\udc8d\ud835\udc95\ud835\udc82\ud835\udc8f\ud835\udc95\ud835\udc82 \ud835\udc84\ud835\udc90\ud835\udc8d\ud835\udc96\ud835\udc8e\ud835\udc83\ud835\udc90\ud835\udc87\ud835\udc8a\ud835\udc8d\ud835\udc82. \u00a0 \ud835\udc6a\ud835\udc90\ud835\udc8f\ud835\udc94\ud835\udc96\ud835\udc8d\ud835\udc82\ud835\udc8f\ud835\udc95\ud835\udc82\u0306 \ud835\udc69\ud835\udc82\ud835\udc9b\ud835\udc82\u0306Evaluarea Cresc\u0103toriei, a Porumbeilor, SfaturiInclude\u2022Un num\u0103r de maxim [&hellip;]<\/p>\n","protected":false},"author":2,"featured_media":0,"parent":0,"menu_order":0,"comment_status":"closed","ping_status":"closed","template":"","meta":{"_mi_skip_tracking":false},"_links":{"self":[{"href":"https:\/\/www.magicpigeons.com\/index.php?rest_route=\/wp\/v2\/pages\/413"}],"collection":[{"href":"https:\/\/www.magicpigeons.com\/index.php?rest_route=\/wp\/v2\/pages"}],"about":[{"href":"https:\/\/www.magicpigeons.com\/index.php?rest_route=\/wp\/v2\/types\/page"}],"author":[{"embeddable":true,"href":"https:\/\/www.magicpigeons.com\/index.php?rest_route=\/wp\/v2\/users\/2"}],"replies":[{"embeddable":true,"href":"https:\/\/www.magicpigeons.com\/index.php?rest_route=%2Fwp%2Fv2%2Fcomments&post=413"}],"version-history":[{"count":29,"href":"https:\/\/www.magicpigeons.com\/index.php?rest_route=\/wp\/v2\/pages\/413\/revisions"}],"predecessor-version":[{"id":1838,"href":"https:\/\/www.magicpigeons.com\/index.php?rest_route=\/wp\/v2\/pages\/413\/revisions\/1838"}],"wp:attachment":[{"href":"https:\/\/www.magicpigeons.com\/index.php?rest_route=%2Fwp%2Fv2%2Fmedia&parent=413"}],"curies":[{"name":"wp","href":"https:\/\/api.w.org\/{rel}","templated":true}]}}